2477
Let u(g) = g**2 + 8*g + 15. Let y be u(-6). Suppose 5*z + 7 = -y. List the prime factors of -2 + 148 - (-2 - z).
2, 73
What are the prime factors of 232/4756 + (3 - 824709/(-123))?
2, 3, 13, 43
Let x = -182 + 205. Let u(i) = -i**3 + 24*i**2 - 11*i - 25. List the prime factors of u(x).
251
Suppose 12*t = t + 44. List the prime factors of (3884/(-16))/(((-7)/t)/7).
971
Let k(l) = -35*l**3 - 3*l**2 + l - 2. Let j be k(-4). Let a = j + -972. List the prime factors of a.
2, 607
Let g be 0/1 - 123/(-6)*2. Let j be 2*g + (-22)/11. Let x = 23 + j. What are the prime factors of x?
103
Suppose -8 = 4*p, 2*z + 2*p = -3*z + 6. Suppose -149 = -4*h + k, 0 = 3*h + k - z*k - 111. Suppose h*q - 62 = 36*q. What are the prime factors of q?
31
Let q(k) = -4*k. Let l(v) = 1. Let h(x) = 28*l(x) - 4*q(x). What are the prime factors of h(25)?
2, 107
Let b = 3 + -7. Let v be (-1112)/6*15/10. List the prime factors of (2/b)/(1/v).
139
Let v be (-338)/(-6) - ((-16)/(-12) - 1). Let m = v - 68. What are the prime factors of (-2157)/(-18) - 2/m?
2, 3, 5
Let h(g) = -313*g**3 - 5*g**2 + 7*g + 10. List the prime factors of h(-1).
311
Let t(v) be the first derivative of 35*v**3/3 - v**2 + 9. Let i be t(2). Suppose 5*f - i + 36 = 0. List the prime factors of f.
2, 5
Suppose 4*p = 5*h + 8, 2*h - 4*p + 8 = -0*p. Suppose h = -61*w + 58*w + 12. Let t = 195 + w. What are the prime factors of t?
199
Suppose -5*f + 296111 - 68396 = -5*b, 2*b = 0. What are the prime factors of f?
3, 17, 19, 47
Suppose 7*m = 32*m - 251315 - 1078660. List the prime factors of m.
3, 23, 257
Suppose -2*k - 825*h + 20045 = -828*h, -5*h = -25. List the prime factors of k.
2, 5, 17, 59
Let l = -65 + 70. Suppose l + 0 = -n. Let p(y) = -14*y + 15. What are the prime factors of p(n)?
5, 17
Let z(i) = 238*i - 214. List the prime factors of z(7).
2, 3, 11
Let y be (-4 - -1 - 0) + -18. Let o = y + 25. Suppose -o = v + 5*b - 41, 0 = 5*v + 3*b - 295. What are the prime factors of v?
2, 31
Let y be (-2 + 3)*(2 - -1). Suppose 5*g - 4*o = -3*o + 19, 13 = y*g + o. Let v(d) = -d**3 + 7*d**2 - 3*d - 8. List the prime factors of v(g).
2, 7
Suppose 2*v = 0, 5*n - 4*v + 45 = v. Let o(y) = -y**2 - 10*y + 11. Let a be o(n). Let u(h) = h**2 - 15*h + 40. What are the prime factors of u(a)?
2, 5, 7
Suppose 41*s - 44*s = -t + 8035, -5*t + 40230 = -4*s. List the prime factors of t.
2, 5, 7, 23
Suppose 89 + 177 = 2*o. Suppose 0*n = 7*n - o. Suppose -2*h - n = 3*a - 191, -h - 5*a = -100. What are the prime factors of h?
2, 5
List the prime factors of 114545*(-3)/(-135) + 8/(-18).
5, 509
List the prime factors of (-4 - 91168/(-40))/((-6)/(-20)).
2, 3, 79
Suppose 6*z - 944 = -2*z. Suppose 42 + z = 2*k - c, 3*k = -2*c + 226. Let u = k - 66. What are the prime factors of u?
2, 3
Suppose -90*g + 20652342 = 188*g. What are the prime factors of g?
3, 24763
Let o be 4/(-10) - (-4538730)/75. List the prime factors of o/144 - 3/(-4).
421
List the prime factors of 11410/(-6846) + (-171148)/(-6) + 0.
11, 2593
Suppose -10478 = -201*o + 175*o. List the prime factors of o.
13, 31
Let b(j) = 2*j**2 - 25*j + 49. Let i = -306 - -326. List the prime factors of b(i).
349
List the prime factors of 5 - 297/(-12)*64/6.
269
Let x be 4 + (-3)/((-12)/(-64)). Let d be (-3)/(-18) - 22/x. Suppose 410 = d*k + g, 2*k - 3*g + 113 = 507. What are the prime factors of k?
7, 29
Let q(t) = -4*t**3 - 12*t**2 + 35*t + 4. What are the prime factors of q(-13)?
3, 701
Suppose 3*i = 4*n + 1837, 5*n - 517 = -i + 108. What are the prime factors of i/(3 + -8)*(-3 - -2)?
3, 41
What are the prime factors of 0 + 78097 - (65 - 36 - 35)?
83, 941
Suppose 823*y - 323*y - 4816191 = 1350809. List the prime factors of y.
2, 7, 881
Suppose 0 = 2*p + 3*t - 8222, 9*p - 11*t = 7*p + 8250. List the prime factors of p.
2, 11, 17
Let o = 201 + -281. Let y = o - -907. What are the prime factors of y?
827
Suppose 0 = 35*z + 98*z - 3822227 - 1898502. List the prime factors of z.
43013
Suppose 3*t = n - 526, 736 + 336 = 2*n + 4*t. List the prime factors of 6933/4 - n/(-304).
5, 347
What are the prime factors of ((-4626)/(-10) - 1)*(-22)/(968/(-3190))?
2, 29, 577
Suppose 4*l = -2*m + 18206, 12*m - 12 = 8*m. List the prime factors of l.
2, 5, 7, 13
Let r(y) = y**3 + 15*y**2 + 56*y - 35. List the prime factors of r(16).
19, 463
Let f = -31 + 27. Let t(c) = -2*c**3 + 6*c**2 + c - 9. List the prime factors of t(f).
211
Let j(p) = 2896*p + 837. What are the prime factors of j(9)?
3, 7, 61
Suppose 0 = -4*u - 3*l - 3036, 3*u + 1520 = u - 2*l. Let o = u - -1075. Let b = o + -219. What are the prime factors of b?
2, 5
Suppose 7*v - 45358 = 64637 - 9545. What are the prime factors of v?
2, 5, 7, 41
Suppose 2*d + n - 585 = 7*d, 4*d = -n - 459. Let j = 261 + d. Suppose 12*b - 7*b = j. What are the prime factors of b?
29
Suppose 5*y - 5*a - 10890 = 0, 0 = 2*y - 4*a - 5510 + 1152. List the prime factors of y.
7, 311
Let x(f) = -f**2 - 7*f - 2. Let c(w) = -2*w + 9. Let a be c(6). Let m be x(a). Suppose 0 = -m*l + 4*l + 174. What are the prime factors of l?
29
What are the prime factors of 1350/(-125)*-2272 + (-2)/(-5)?
2, 12269
Suppose -7 = -6*j - 19. Let i be 54/(-10) + (4/(-5))/j. What are the prime factors of (-4)/i*30*(-15)/(-20)?
2, 3
Let w(f) = 12*f + 54. Let t be w(-4). Suppose t*g - 1149 = 933. What are the prime factors of g?
347
Suppose 16*p - 3429 - 44347 = 0. What are the prime factors of p?
2, 1493
Let z be ((-1)/(-3))/((2/(-2))/(-6)). Suppose z*c + 10*v - 950 = 6*v, v - 478 = -c. List the prime factors of c.
13, 37
Suppose -13*q - 4979341 - 16476491 = -511*q. List the prime factors of q.
2, 10771
Let x(w) = -w**2 + 12*w + 15. Let p be x(13). Suppose p*r = 2*z - 114, -r = 5*z + 4*r - 305. Suppose 0 = -4*f + z - 51. What are the prime factors of f?
2
Suppose -3*d - 3 = 5*a, -2*d + 5 = 4*a + 7. What are the prime factors of ((d - -54) + 66/(-11))*8?
2, 47
Let m = -1162 - -123. Let z = 1479 + m. List the prime factors of z.
2, 5, 11
Suppose -31*f - 8*f + 1623454 = 83*f. What are the prime factors of f?
7, 1901
Suppose 0 = 2*t - 2*n, -39*n + 37*n + 10 = 3*t. Suppose 4*f - 4084 = 4*a, -3*f - t*a + 3095 = 3*a. List the prime factors of f.
5, 41
Suppose -4*u + 6*u + 90 = 0. Let z = u + 39. List the prime factors of 1*3/z*(4 + -140).
2, 17
Let y(o) = 2*o**2 + o - 2808. Let k be y(0). List the prime factors of (16/(-3))/(48/k).
2, 3, 13
Let m be 2003 + 11/4 + 4/16. Suppose 4*u + 0*a - 2*a = m, 5*u + 4*a - 2540 = 0. Suppose 0 = 7*q - 3*q - u. What are the prime factors of q?
2, 3, 7
Suppose o + 1 = 3. Suppose -4*s = a - 17, -o*s = 5*a - 4*s - 19. Suppose a*r - m = 484, -5*m - 400 = -4*r - m. What are the prime factors of r?
2, 3
Let j(y) = -y**2 + 3*y + 19. Let x be j(9). Let i(o) = -7*o + 61. What are the prime factors of i(x)?
2, 3, 17
Suppose 5*a = -159 - 196. Let z = 670 - a. What are the prime factors of z?
3, 13, 19
Let h(n) = n + 16. Let q be h(-23). Let a(l) = -l**3 + 9*l**2 - 2*l - 15. What are the prime factors of a(q)?
3, 29
Suppose -102022 = -4*a - 2*p, 4*a = 6*p - p + 102071. What are the prime factors of a?
3, 11, 773
Suppose 3*c = 5*c - 50. Suppose 11 = -0*n + 4*n + d, 0 = 5*n + 5*d - c. Suppose -n*a + 40 = -a. List the prime factors of a.
2, 5
Let q = 19 + 153. Let c(g) = -103*g - 101. Let f be c(-1). Suppose -4*o + 5*o - q = -2*k, -f*o - 8 = 0. What are the prime factors of k?
2, 11
Let g = 47719 - 22209. List the prime factors of g.
2, 5, 2551
Let h = 11921 + -1007. What are the prime factors of h?
2, 3, 17, 107
Suppose -4*r + 6*r - 8 = 0. Suppose 2*d - 4*d = -r. What are the prime factors of (-182)/(d + -7 - (6 - 9))?
7, 13
Let i = 706 + -595. Suppose f - i = -12. What are the prime factors of f?
3, 11
Let u(n) = n**3 + 5*n**2 + 3*n + 1. Let d be u(-2). Suppose -3*h = 5*y - 758, d*y - 2*y = 3*h + 782. Suppose -143 - y = -3*g. List the prime factors of g.
3, 11
Let w = 28 - 18. Suppose v = -w*v + 11. What are the prime factors of (-15)/((-10)/2)*v?
3
Let x be (1 - 3)*(-5 + 220/8). Let n be (3/(x/(-39)))/(2/10). Suppose o - 175 = n. What are the prime factors of o?
2, 47
Suppose -b - 261*n + 3619 = -259*n, -n + 7244 = 2*b. List the prime factors of b.
3623
Suppose -5*d - 10 = 0, -5*d + 388 = -5*s - 27. Let k = s - -105. What are the prime factors of k?
2, 5
Let k(z) = -2*z**2 + 12*z + 